{"id":16,"date":"2022-12-18T14:27:47","date_gmt":"2022-12-18T13:27:47","guid":{"rendered":"http:\/\/celinip.cluster031.hosting.ovh.net\/wordpress\/?page_id=16"},"modified":"2022-12-31T17:21:06","modified_gmt":"2022-12-31T16:21:06","slug":"particuliers","status":"publish","type":"page","link":"http:\/\/www.celinedesmisphoto.com\/wordpress\/particuliers\/","title":{"rendered":"Particuliers"},"content":{"rendered":"\n<p>Pour les particuliers, mariage, portraits de famille ou \u00e9v\u00e9nements familiaux ou amicaux, je capte les instants en toute discr\u00e9tion pour vous offrir de merveilleux souvenirs.<\/p>\n\n\n\n<figure class=\"wp-block-gallery has-nested-images columns-4 wp-block-gallery-1 is-layout-flex wp-block-gallery-is-layout-flex\">\n<figure class=\"wp-block-image size-full\"><a href=\"http:\/\/www.celinedesmisphoto.com\/wordpress\/particuliers\/mariage\/\"><img loading=\"lazy\" decoding=\"async\" width=\"1000\" height=\"700\" data-id=\"208\" src=\"http:\/\/www.celinedesmisphoto.com\/wordpress\/wp-content\/uploads\/2022\/12\/01-3-celine-desmis-mariage-portrait.jpg\" alt=\"\" class=\"wp-image-208\" srcset=\"http:\/\/www.celinedesmisphoto.com\/wordpress\/wp-content\/uploads\/2022\/12\/01-3-celine-desmis-mariage-portrait.jpg 1000w, http:\/\/www.celinedesmisphoto.com\/wordpress\/wp-content\/uploads\/2022\/12\/01-3-celine-desmis-mariage-portrait-300x210.jpg 300w, http:\/\/www.celinedesmisphoto.com\/wordpress\/wp-content\/uploads\/2022\/12\/01-3-celine-desmis-mariage-portrait-768x538.jpg 768w\" sizes=\"auto, (max-width: 1000px) 100vw, 1000px\" \/><\/a><figcaption class=\"wp-element-caption\"><a href=\"http:\/\/www.celinedesmisphoto.com\/wordpress\/particuliers\/mariage\/\" data-type=\"page\" data-id=\"219\">Mariages<\/a><\/figcaption><\/figure>\n\n\n\n<figure class=\"wp-block-image size-full\"><a href=\"http:\/\/www.celinedesmisphoto.com\/wordpress\/particuliers\/autour-de-bebe\/\"><img loading=\"lazy\" decoding=\"async\" width=\"1000\" height=\"700\" data-id=\"212\" src=\"http:\/\/www.celinedesmisphoto.com\/wordpress\/wp-content\/uploads\/2022\/12\/02-celine-desmis-bebe.jpg\" alt=\"\" class=\"wp-image-212\" srcset=\"http:\/\/www.celinedesmisphoto.com\/wordpress\/wp-content\/uploads\/2022\/12\/02-celine-desmis-bebe.jpg 1000w, http:\/\/www.celinedesmisphoto.com\/wordpress\/wp-content\/uploads\/2022\/12\/02-celine-desmis-bebe-300x210.jpg 300w, http:\/\/www.celinedesmisphoto.com\/wordpress\/wp-content\/uploads\/2022\/12\/02-celine-desmis-bebe-768x538.jpg 768w\" sizes=\"auto, (max-width: 1000px) 100vw, 1000px\" \/><\/a><figcaption class=\"wp-element-caption\"><a href=\"http:\/\/www.celinedesmisphoto.com\/wordpress\/particuliers\/autour-de-bebe\/\" data-type=\"page\" data-id=\"228\">Autour de b\u00e9b\u00e9<\/a><\/figcaption><\/figure>\n\n\n\n<figure class=\"wp-block-image size-full\"><a href=\"http:\/\/www.celinedesmisphoto.com\/wordpress\/particuliers\/en-famille\/\"><img loading=\"lazy\" decoding=\"async\" width=\"1000\" height=\"700\" data-id=\"207\" src=\"http:\/\/www.celinedesmisphoto.com\/wordpress\/wp-content\/uploads\/2022\/12\/03-celine-desmis-famille.jpg\" alt=\"\" class=\"wp-image-207\" srcset=\"http:\/\/www.celinedesmisphoto.com\/wordpress\/wp-content\/uploads\/2022\/12\/03-celine-desmis-famille.jpg 1000w, http:\/\/www.celinedesmisphoto.com\/wordpress\/wp-content\/uploads\/2022\/12\/03-celine-desmis-famille-300x210.jpg 300w, http:\/\/www.celinedesmisphoto.com\/wordpress\/wp-content\/uploads\/2022\/12\/03-celine-desmis-famille-768x538.jpg 768w\" sizes=\"auto, (max-width: 1000px) 100vw, 1000px\" \/><\/a><figcaption class=\"wp-element-caption\"><a href=\"http:\/\/www.celinedesmisphoto.com\/wordpress\/particuliers\/en-famille\/\" data-type=\"page\" data-id=\"230\">En famille<\/a><\/figcaption><\/figure>\n\n\n\n<figure class=\"wp-block-image size-full\"><a href=\"http:\/\/www.celinedesmisphoto.com\/wordpress\/particuliers\/les-amies\/\"><img loading=\"lazy\" decoding=\"async\" width=\"1000\" height=\"700\" data-id=\"211\" src=\"http:\/\/www.celinedesmisphoto.com\/wordpress\/wp-content\/uploads\/2022\/12\/04-celine-desmis-amis.jpg\" alt=\"\" class=\"wp-image-211\" srcset=\"http:\/\/www.celinedesmisphoto.com\/wordpress\/wp-content\/uploads\/2022\/12\/04-celine-desmis-amis.jpg 1000w, http:\/\/www.celinedesmisphoto.com\/wordpress\/wp-content\/uploads\/2022\/12\/04-celine-desmis-amis-300x210.jpg 300w, http:\/\/www.celinedesmisphoto.com\/wordpress\/wp-content\/uploads\/2022\/12\/04-celine-desmis-amis-768x538.jpg 768w\" sizes=\"auto, (max-width: 1000px) 100vw, 1000px\" \/><\/a><figcaption class=\"wp-element-caption\"><a href=\"http:\/\/www.celinedesmisphoto.com\/wordpress\/particuliers\/les-amies\/\" data-type=\"page\" data-id=\"232\">Les ami(e)s<\/a><\/figcaption><\/figure>\n\n\n\n<figure class=\"wp-block-image size-full\"><a href=\"http:\/\/www.celinedesmisphoto.com\/wordpress\/particuliers\/seance-portrait-couple\/\"><img loading=\"lazy\" decoding=\"async\" width=\"1000\" height=\"701\" data-id=\"210\" src=\"http:\/\/www.celinedesmisphoto.com\/wordpress\/wp-content\/uploads\/2022\/12\/05-celine-desmis-portrait.jpg\" alt=\"\" class=\"wp-image-210\" srcset=\"http:\/\/www.celinedesmisphoto.com\/wordpress\/wp-content\/uploads\/2022\/12\/05-celine-desmis-portrait.jpg 1000w, http:\/\/www.celinedesmisphoto.com\/wordpress\/wp-content\/uploads\/2022\/12\/05-celine-desmis-portrait-300x210.jpg 300w, http:\/\/www.celinedesmisphoto.com\/wordpress\/wp-content\/uploads\/2022\/12\/05-celine-desmis-portrait-768x538.jpg 768w\" sizes=\"auto, (max-width: 1000px) 100vw, 1000px\" \/><\/a><figcaption class=\"wp-element-caption\"><a href=\"http:\/\/www.celinedesmisphoto.com\/wordpress\/particuliers\/seance-portrait-couple\/\" data-type=\"page\" data-id=\"234\">S\u00e9ance portrait \/ couple<\/a><\/figcaption><\/figure>\n\n\n\n<figure class=\"wp-block-image size-full\"><a href=\"http:\/\/www.celinedesmisphoto.com\/wordpress\/particuliers\/anniversaire-evenement\/\"><img loading=\"lazy\" decoding=\"async\" width=\"1000\" height=\"700\" data-id=\"209\" src=\"http:\/\/www.celinedesmisphoto.com\/wordpress\/wp-content\/uploads\/2022\/12\/06-celine-desmis-evenement.jpg\" alt=\"\" class=\"wp-image-209\" srcset=\"http:\/\/www.celinedesmisphoto.com\/wordpress\/wp-content\/uploads\/2022\/12\/06-celine-desmis-evenement.jpg 1000w, http:\/\/www.celinedesmisphoto.com\/wordpress\/wp-content\/uploads\/2022\/12\/06-celine-desmis-evenement-300x210.jpg 300w, http:\/\/www.celinedesmisphoto.com\/wordpress\/wp-content\/uploads\/2022\/12\/06-celine-desmis-evenement-768x538.jpg 768w\" sizes=\"auto, (max-width: 1000px) 100vw, 1000px\" \/><\/a><figcaption class=\"wp-element-caption\"><a href=\"http:\/\/www.celinedesmisphoto.com\/wordpress\/particuliers\/anniversaire-evenement\/\" data-type=\"page\" data-id=\"236\">Anniversaire \/ \u00c9v\u00e9nement<\/a><\/figcaption><\/figure>\n\n\n\n<figure class=\"wp-block-image size-full\"><a href=\"http:\/\/www.celinedesmisphoto.com\/wordpress\/particuliers\/nos-amies-les-betes\/\"><img loading=\"lazy\" decoding=\"async\" width=\"1000\" height=\"700\" data-id=\"213\" src=\"http:\/\/www.celinedesmisphoto.com\/wordpress\/wp-content\/uploads\/2022\/12\/07-celine-desmis-animaux.jpg\" alt=\"\" class=\"wp-image-213\" srcset=\"http:\/\/www.celinedesmisphoto.com\/wordpress\/wp-content\/uploads\/2022\/12\/07-celine-desmis-animaux.jpg 1000w, http:\/\/www.celinedesmisphoto.com\/wordpress\/wp-content\/uploads\/2022\/12\/07-celine-desmis-animaux-300x210.jpg 300w, http:\/\/www.celinedesmisphoto.com\/wordpress\/wp-content\/uploads\/2022\/12\/07-celine-desmis-animaux-768x538.jpg 768w\" sizes=\"auto, (max-width: 1000px) 100vw, 1000px\" \/><\/a><figcaption class=\"wp-element-caption\"><a href=\"http:\/\/www.celinedesmisphoto.com\/wordpress\/particuliers\/nos-amies-les-betes\/\" data-type=\"page\" data-id=\"238\">Nos amies les b\u00eates<\/a><\/figcaption><\/figure>\n\n\n\n<figure class=\"wp-block-image size-full\"><a href=\"http:\/\/www.celinedesmisphoto.com\/wordpress\/particuliers\/album-cadeau\/\"><img loading=\"lazy\" decoding=\"async\" width=\"1000\" height=\"700\" data-id=\"214\" src=\"http:\/\/www.celinedesmisphoto.com\/wordpress\/wp-content\/uploads\/2022\/12\/08-celine-desmis-album-cadeau.jpg\" alt=\"\" class=\"wp-image-214\" srcset=\"http:\/\/www.celinedesmisphoto.com\/wordpress\/wp-content\/uploads\/2022\/12\/08-celine-desmis-album-cadeau.jpg 1000w, http:\/\/www.celinedesmisphoto.com\/wordpress\/wp-content\/uploads\/2022\/12\/08-celine-desmis-album-cadeau-300x210.jpg 300w, http:\/\/www.celinedesmisphoto.com\/wordpress\/wp-content\/uploads\/2022\/12\/08-celine-desmis-album-cadeau-768x538.jpg 768w\" sizes=\"auto, (max-width: 1000px) 100vw, 1000px\" \/><\/a><figcaption class=\"wp-element-caption\"><a href=\"http:\/\/www.celinedesmisphoto.com\/wordpress\/particuliers\/album-cadeau\/\" data-type=\"page\" data-id=\"240\">Album \/ Cadeau<\/a><\/figcaption><\/figure>\n<\/figure>\n","protected":false},"excerpt":{"rendered":"<p>Pour les particuliers, mariage, portraits de famille ou \u00e9v\u00e9nements familiaux ou amicaux, je capte les instants en toute discr\u00e9tion pour vous offrir de merveilleux souvenirs.<\/p>\n","protected":false},"author":1,"featured_media":0,"parent":0,"menu_order":4,"comment_status":"closed","ping_status":"closed","template":"template-menus.php","meta":{"inline_featured_image":false,"ngg_post_thumbnail":0,"footnotes":""},"class_list":["post-16","page","type-page","status-publish","hentry"],"_links":{"self":[{"href":"http:\/\/www.celinedesmisphoto.com\/wordpress\/wp-json\/wp\/v2\/pages\/16","targetHints":{"allow":["GET"]}}],"collection":[{"href":"http:\/\/www.celinedesmisphoto.com\/wordpress\/wp-json\/wp\/v2\/pages"}],"about":[{"href":"http:\/\/www.celinedesmisphoto.com\/wordpress\/wp-json\/wp\/v2\/types\/page"}],"author":[{"embeddable":true,"href":"http:\/\/www.celinedesmisphoto.com\/wordpress\/wp-json\/wp\/v2\/users\/1"}],"replies":[{"embeddable":true,"href":"http:\/\/www.celinedesmisphoto.com\/wordpress\/wp-json\/wp\/v2\/comments?post=16"}],"version-history":[{"count":8,"href":"http:\/\/www.celinedesmisphoto.com\/wordpress\/wp-json\/wp\/v2\/pages\/16\/revisions"}],"predecessor-version":[{"id":245,"href":"http:\/\/www.celinedesmisphoto.com\/wordpress\/wp-json\/wp\/v2\/pages\/16\/revisions\/245"}],"wp:attachment":[{"href":"http:\/\/www.celinedesmisphoto.com\/wordpress\/wp-json\/wp\/v2\/media?parent=16"}],"curies":[{"name":"wp","href":"https:\/\/api.w.org\/{rel}","templated":true}]}}

<p>Pour les particuliers, mariage, portraits de famille ou événements familiaux ou amicaux, je capte les instants en toute discrétion pour vous offrir de merveilleux souvenirs.</p>



<figure class="wp-block-gallery has-nested-images columns-4 wp-block-gallery-1 is-layout-flex wp-block-gallery-is-layout-flex">
<figure class="wp-block-image size-full"><a href="http://www.celinedesmisphoto.com/wordpress/particuliers/mariage/"><img loading="lazy" decoding="async" width="1000" height="700" data-id="208" src="http://www.celinedesmisphoto.com/wordpress/wp-content/uploads/2022/12/01-3-celine-desmis-mariage-portrait.jpg" alt="" class="wp-image-208" srcset="http://www.celinedesmisphoto.com/wordpress/wp-content/uploads/2022/12/01-3-celine-desmis-mariage-portrait.jpg 1000w, http://www.celinedesmisphoto.com/wordpress/wp-content/uploads/2022/12/01-3-celine-desmis-mariage-portrait-300x210.jpg 300w, http://www.celinedesmisphoto.com/wordpress/wp-content/uploads/2022/12/01-3-celine-desmis-mariage-portrait-768x538.jpg 768w" sizes="auto, (max-width: 1000px) 100vw, 1000px" /></a><figcaption class="wp-element-caption"><a href="http://www.celinedesmisphoto.com/wordpress/particuliers/mariage/" data-type="page" data-id="219">Mariages</a></figcaption></figure>



<figure class="wp-block-image size-full"><a href="http://www.celinedesmisphoto.com/wordpress/particuliers/autour-de-bebe/"><img loading="lazy" decoding="async" width="1000" height="700" data-id="212" src="http://www.celinedesmisphoto.com/wordpress/wp-content/uploads/2022/12/02-celine-desmis-bebe.jpg" alt="" class="wp-image-212" srcset="http://www.celinedesmisphoto.com/wordpress/wp-content/uploads/2022/12/02-celine-desmis-bebe.jpg 1000w, http://www.celinedesmisphoto.com/wordpress/wp-content/uploads/2022/12/02-celine-desmis-bebe-300x210.jpg 300w, http://www.celinedesmisphoto.com/wordpress/wp-content/uploads/2022/12/02-celine-desmis-bebe-768x538.jpg 768w" sizes="auto, (max-width: 1000px) 100vw, 1000px" /></a><figcaption class="wp-element-caption"><a href="http://www.celinedesmisphoto.com/wordpress/particuliers/autour-de-bebe/" data-type="page" data-id="228">Autour de bébé</a></figcaption></figure>



<figure class="wp-block-image size-full"><a href="http://www.celinedesmisphoto.com/wordpress/particuliers/en-famille/"><img loading="lazy" decoding="async" width="1000" height="700" data-id="207" src="http://www.celinedesmisphoto.com/wordpress/wp-content/uploads/2022/12/03-celine-desmis-famille.jpg" alt="" class="wp-image-207" srcset="http://www.celinedesmisphoto.com/wordpress/wp-content/uploads/2022/12/03-celine-desmis-famille.jpg 1000w, http://www.celinedesmisphoto.com/wordpress/wp-content/uploads/2022/12/03-celine-desmis-famille-300x210.jpg 300w, http://www.celinedesmisphoto.com/wordpress/wp-content/uploads/2022/12/03-celine-desmis-famille-768x538.jpg 768w" sizes="auto, (max-width: 1000px) 100vw, 1000px" /></a><figcaption class="wp-element-caption"><a href="http://www.celinedesmisphoto.com/wordpress/particuliers/en-famille/" data-type="page" data-id="230">En famille</a></figcaption></figure>



<figure class="wp-block-image size-full"><a href="http://www.celinedesmisphoto.com/wordpress/particuliers/les-amies/"><img loading="lazy" decoding="async" width="1000" height="700" data-id="211" src="http://www.celinedesmisphoto.com/wordpress/wp-content/uploads/2022/12/04-celine-desmis-amis.jpg" alt="" class="wp-image-211" srcset="http://www.celinedesmisphoto.com/wordpress/wp-content/uploads/2022/12/04-celine-desmis-amis.jpg 1000w, http://www.celinedesmisphoto.com/wordpress/wp-content/uploads/2022/12/04-celine-desmis-amis-300x210.jpg 300w, http://www.celinedesmisphoto.com/wordpress/wp-content/uploads/2022/12/04-celine-desmis-amis-768x538.jpg 768w" sizes="auto, (max-width: 1000px) 100vw, 1000px" /></a><figcaption class="wp-element-caption"><a href="http://www.celinedesmisphoto.com/wordpress/particuliers/les-amies/" data-type="page" data-id="232">Les ami(e)s</a></figcaption></figure>



<figure class="wp-block-image size-full"><a href="http://www.celinedesmisphoto.com/wordpress/particuliers/seance-portrait-couple/"><img loading="lazy" decoding="async" width="1000" height="701" data-id="210" src="http://www.celinedesmisphoto.com/wordpress/wp-content/uploads/2022/12/05-celine-desmis-portrait.jpg" alt="" class="wp-image-210" srcset="http://www.celinedesmisphoto.com/wordpress/wp-content/uploads/2022/12/05-celine-desmis-portrait.jpg 1000w, http://www.celinedesmisphoto.com/wordpress/wp-content/uploads/2022/12/05-celine-desmis-portrait-300x210.jpg 300w, http://www.celinedesmisphoto.com/wordpress/wp-content/uploads/2022/12/05-celine-desmis-portrait-768x538.jpg 768w" sizes="auto, (max-width: 1000px) 100vw, 1000px" /></a><figcaption class="wp-element-caption"><a href="http://www.celinedesmisphoto.com/wordpress/particuliers/seance-portrait-couple/" data-type="page" data-id="234">Séance portrait / couple</a></figcaption></figure>



<figure class="wp-block-image size-full"><a href="http://www.celinedesmisphoto.com/wordpress/particuliers/anniversaire-evenement/"><img loading="lazy" decoding="async" width="1000" height="700" data-id="209" src="http://www.celinedesmisphoto.com/wordpress/wp-content/uploads/2022/12/06-celine-desmis-evenement.jpg" alt="" class="wp-image-209" srcset="http://www.celinedesmisphoto.com/wordpress/wp-content/uploads/2022/12/06-celine-desmis-evenement.jpg 1000w, http://www.celinedesmisphoto.com/wordpress/wp-content/uploads/2022/12/06-celine-desmis-evenement-300x210.jpg 300w, http://www.celinedesmisphoto.com/wordpress/wp-content/uploads/2022/12/06-celine-desmis-evenement-768x538.jpg 768w" sizes="auto, (max-width: 1000px) 100vw, 1000px" /></a><figcaption class="wp-element-caption"><a href="http://www.celinedesmisphoto.com/wordpress/particuliers/anniversaire-evenement/" data-type="page" data-id="236">Anniversaire / Événement</a></figcaption></figure>



<figure class="wp-block-image size-full"><a href="http://www.celinedesmisphoto.com/wordpress/particuliers/nos-amies-les-betes/"><img loading="lazy" decoding="async" width="1000" height="700" data-id="213" src="http://www.celinedesmisphoto.com/wordpress/wp-content/uploads/2022/12/07-celine-desmis-animaux.jpg" alt="" class="wp-image-213" srcset="http://www.celinedesmisphoto.com/wordpress/wp-content/uploads/2022/12/07-celine-desmis-animaux.jpg 1000w, http://www.celinedesmisphoto.com/wordpress/wp-content/uploads/2022/12/07-celine-desmis-animaux-300x210.jpg 300w, http://www.celinedesmisphoto.com/wordpress/wp-content/uploads/2022/12/07-celine-desmis-animaux-768x538.jpg 768w" sizes="auto, (max-width: 1000px) 100vw, 1000px" /></a><figcaption class="wp-element-caption"><a href="http://www.celinedesmisphoto.com/wordpress/particuliers/nos-amies-les-betes/" data-type="page" data-id="238">Nos amies les bêtes</a></figcaption></figure>



<figure class="wp-block-image size-full"><a href="http://www.celinedesmisphoto.com/wordpress/particuliers/album-cadeau/"><img loading="lazy" decoding="async" width="1000" height="700" data-id="214" src="http://www.celinedesmisphoto.com/wordpress/wp-content/uploads/2022/12/08-celine-desmis-album-cadeau.jpg" alt="" class="wp-image-214" srcset="http://www.celinedesmisphoto.com/wordpress/wp-content/uploads/2022/12/08-celine-desmis-album-cadeau.jpg 1000w, http://www.celinedesmisphoto.com/wordpress/wp-content/uploads/2022/12/08-celine-desmis-album-cadeau-300x210.jpg 300w, http://www.celinedesmisphoto.com/wordpress/wp-content/uploads/2022/12/08-celine-desmis-album-cadeau-768x538.jpg 768w" sizes="auto, (max-width: 1000px) 100vw, 1000px" /></a><figcaption class="wp-element-caption"><a href="http://www.celinedesmisphoto.com/wordpress/particuliers/album-cadeau/" data-type="page" data-id="240">Album / Cadeau</a></figcaption></figure>
</figure>

<p>Pour les particuliers, mariage, portraits de famille ou événements familiaux ou amicaux, je capte les instants en toute discrétion pour vous offrir de merveilleux souvenirs.</p>
